{"id":28,"date":"2020-08-19T17:42:16","date_gmt":"2020-08-19T17:42:16","guid":{"rendered":"https:\/\/entrepotsviking.com\/?page_id=28"},"modified":"2023-04-06T15:30:47","modified_gmt":"2023-04-06T20:30:47","slug":"accueil","status":"publish","type":"page","link":"https:\/\/entrepotsviking.com\/","title":{"rendered":"Accueil"},"content":{"rendered":"<p>[et_pb_section fb_built=&#8221;1&#8243; _builder_version=&#8221;4.5.7&#8243; background_enable_video_mp4=&#8221;off&#8221;][et_pb_row _builder_version=&#8221;4.5.7&#8243; background_size=&#8221;initial&#8221; background_position=&#8221;top_left&#8221; background_repeat=&#8221;repeat&#8221; background_enable_video_mp4=&#8221;off&#8221;][et_pb_column type=&#8221;4_4&#8243; _builder_version=&#8221;3.25&#8243; custom_padding=&#8221;|||&#8221; custom_padding__hover=&#8221;|||&#8221;][et_pb_video src=&#8221;youtube.com\/watch?v=-AaC7UGoUvo&#8221; _builder_version=&#8221;4.5.7&#8243; _module_preset=&#8221;default&#8221;][\/et_pb_video][et_pb_text admin_label=&#8221;Text&#8221; _builder_version=&#8221;4.5.7&#8243; background_size=&#8221;initial&#8221; background_position=&#8221;top_left&#8221; background_repeat=&#8221;repeat&#8221; hover_enabled=&#8221;0&#8243;]<\/p>\n<div class=\"boldgrid-section\">\n<div class=\"container\">\n<div class=\"row\">\n<div class=\"col-md-12 col-xs-12 col-sm-12\">\n<p style=\"text-align: center;\">\n<h1 style=\"text-align: center;\"><span style=\"font-size: large;\"><strong>\u00a0579-888-6282<\/strong><\/span><\/h1>\n<p>Nous sommes heureux de pouvoir vous offrir un service de mini et grands entrep\u00f4ts situ\u00e9s au 1765 sur la route 323 nord a Amherst, \u00e0 seulement 20 minutes de Mont-Tremblant et 50 minutes de Montebello.<\/p>\n<p>Nous offrons 55 unit\u00e9s d\u2019espaces d\u2019entreposage entre 40 pi ca. \u00e0 615 pi.ca dans des b\u00e2timents nouvellement construits\u00a0 pour location \u00e0 court et long terme.<\/p>\n<p>Nos entrep\u00f4ts sont isol\u00e9s et temp\u00e9r\u00e9s par une dalle de b\u00e9ton chauffante ce qui aide \u00e0 pr\u00e9venir l\u2019humidit\u00e9 et la moisissure qui peuvent endommager vos biens<\/p>\n<p>N&#8217;h\u00e9sitez pas a aller voir notre lien pour conna\u00eetre la disponibilit\u00e9 de nos espaces et r\u00e9server votre emplacement d\u00e8s maintenant en ligne.<\/p>\n<p>Nos entrep\u00f4ts offrent l&#8217;acc\u00e8s\u00a0<strong>24 heures sur 24<\/strong>\u00a0flexible et s\u00e9curitaire avec votre code d\u2019acc\u00e8s pour l\u2019entr\u00e9e et votre cadenas \u00e0 votre porte afin de mieux r\u00e9pondre aux besoins de ses occupants.<\/p>\n<ul>\n<li><em>Barri\u00e8re entr\u00e9e et barri\u00e8re sortie avec un grand espace pour les d\u00e9placements sur le site<\/em><\/li>\n<li><em>Acc\u00e8s par code unique<\/em><\/li>\n<li><em>Syst\u00e8me d\u2019alarme et de cam\u00e9ra<\/em><\/li>\n<\/ul>\n<p>Le syst\u00e8me est contr\u00f4l\u00e9 par un code d\u2019acc\u00e8s qui permet l\u2019entr\u00e9e en tout temps sans se soucier des heures d&#8217;ouverture. Chaque entr\u00e9e et sortie sont consign\u00e9es dans un registre \u00e9lectronique pour votre s\u00e9curit\u00e9.<\/p>\n<p>Aussi nos installations sont prot\u00e9g\u00e9es par un syst\u00e8me d&#8217;alarme (police, incendie, etc.) et de cam\u00e9ra \u00e0 la fine pointe de la technologie.<\/p>\n<\/div>\n<\/div>\n<\/div>\n<\/div>\n<p>[\/et_pb_text][\/et_pb_column][\/et_pb_row][\/et_pb_section]<\/p>\n","protected":false},"excerpt":{"rendered":"<p>[et_pb_section fb_built=&#8221;1&#8243; _builder_version=&#8221;4.5.7&#8243; background_enable_video_mp4=&#8221;off&#8221;][et_pb_row _builder_version=&#8221;4.5.7&#8243; background_size=&#8221;initial&#8221; background_position=&#8221;top_left&#8221; background_repeat=&#8221;repeat&#8221; background_enable_video_mp4=&#8221;off&#8221;][et_pb_column type=&#8221;4_4&#8243; _builder_version=&#8221;3.25&#8243; custom_padding=&#8221;|||&#8221; custom_padding__hover=&#8221;|||&#8221;][et_pb_video src=&#8221;youtube.com\/watch?v=-AaC7UGoUvo&#8221; _builder_version=&#8221;4.5.7&#8243; _module_preset=&#8221;default&#8221;][\/et_pb_video][et_pb_text admin_label=&#8221;Text&#8221; _builder_version=&#8221;4.5.7&#8243; background_size=&#8221;initial&#8221; background_position=&#8221;top_left&#8221; background_repeat=&#8221;repeat&#8221; hover_enabled=&#8221;0&#8243;] \u00a0579-888-6282 Nous sommes heureux de pouvoir vous offrir un service de mini et grands entrep\u00f4ts situ\u00e9s au 1765 sur la route 323 nord a Amherst, \u00e0 seulement 20 minutes de Mont-Tremblant et 50 [&hellip;]<\/p>\n","protected":false},"author":1,"featured_media":51,"parent":0,"menu_order":0,"comment_status":"closed","ping_status":"closed","template":"template\/page\/fullwidth.php","meta":{"_et_pb_use_builder":"on","_et_pb_old_content":"<div class=\"boldgrid-section\"><div class=\"container\"><div class=\"row\"><div class=\"col-md-12 col-xs-12 col-sm-12\"><p class=\"\" style=\"text-align: center;\"><strong>futur site de Entrep\u00f4ts Viking<\/strong><\/p><\/div><\/div><\/div><\/div>","_et_gb_content_width":"","footnotes":""},"class_list":["post-28","page","type-page","status-publish","has-post-thumbnail","hentry"],"_links":{"self":[{"href":"https:\/\/entrepotsviking.com\/index.php?rest_route=\/wp\/v2\/pages\/28","targetHints":{"allow":["GET"]}}],"collection":[{"href":"https:\/\/entrepotsviking.com\/index.php?rest_route=\/wp\/v2\/pages"}],"about":[{"href":"https:\/\/entrepotsviking.com\/index.php?rest_route=\/wp\/v2\/types\/page"}],"author":[{"embeddable":true,"href":"https:\/\/entrepotsviking.com\/index.php?rest_route=\/wp\/v2\/users\/1"}],"replies":[{"embeddable":true,"href":"https:\/\/entrepotsviking.com\/index.php?rest_route=%2Fwp%2Fv2%2Fcomments&post=28"}],"version-history":[{"count":10,"href":"https:\/\/entrepotsviking.com\/index.php?rest_route=\/wp\/v2\/pages\/28\/revisions"}],"predecessor-version":[{"id":91,"href":"https:\/\/entrepotsviking.com\/index.php?rest_route=\/wp\/v2\/pages\/28\/revisions\/91"}],"wp:featuredmedia":[{"embeddable":true,"href":"https:\/\/entrepotsviking.com\/index.php?rest_route=\/wp\/v2\/media\/51"}],"wp:attachment":[{"href":"https:\/\/entrepotsviking.com\/index.php?rest_route=%2Fwp%2Fv2%2Fmedia&parent=28"}],"curies":[{"name":"wp","href":"https:\/\/api.w.org\/{rel}","templated":true}]}}